{"id":104,"date":"2017-08-02T08:33:53","date_gmt":"2017-08-02T06:33:53","guid":{"rendered":"http:\/\/noyalsurbrutz.fr\/?page_id=104"},"modified":"2023-12-11T13:17:18","modified_gmt":"2023-12-11T12:17:18","slug":"ecole","status":"publish","type":"page","link":"https:\/\/noyalsurbrutz.fr\/index.php\/ecole\/","title":{"rendered":"Ecole"},"content":{"rendered":"<h1><img loading=\"lazy\" decoding=\"async\" class=\"wp-image-399 alignright\" src=\"https:\/\/noyalsurbrutz.fr\/wp-content\/uploads\/2017\/08\/db7ac294-289x300.jpg\" alt=\"\" width=\"125\" height=\"130\" srcset=\"https:\/\/noyalsurbrutz.fr\/wp-content\/uploads\/2017\/08\/db7ac294-289x300.jpg 289w, https:\/\/noyalsurbrutz.fr\/wp-content\/uploads\/2017\/08\/db7ac294-768x797.jpg 768w, https:\/\/noyalsurbrutz.fr\/wp-content\/uploads\/2017\/08\/db7ac294-337x350.jpg 337w, https:\/\/noyalsurbrutz.fr\/wp-content\/uploads\/2017\/08\/db7ac294-145x150.jpg 145w, https:\/\/noyalsurbrutz.fr\/wp-content\/uploads\/2017\/08\/db7ac294.jpg 800w\" sizes=\"auto, (max-width: 125px) 100vw, 125px\" \/><img loading=\"lazy\" decoding=\"async\" class=\"alignleft wp-image-401 size-medium\" src=\"https:\/\/noyalsurbrutz.fr\/wp-content\/uploads\/2017\/08\/DSC_0792-300x201.jpg\" alt=\"\" width=\"300\" height=\"201\" srcset=\"https:\/\/noyalsurbrutz.fr\/wp-content\/uploads\/2017\/08\/DSC_0792-300x201.jpg 300w, https:\/\/noyalsurbrutz.fr\/wp-content\/uploads\/2017\/08\/DSC_0792-768x515.jpg 768w, https:\/\/noyalsurbrutz.fr\/wp-content\/uploads\/2017\/08\/DSC_0792-1024x686.jpg 1024w, https:\/\/noyalsurbrutz.fr\/wp-content\/uploads\/2017\/08\/DSC_0792-522x350.jpg 522w, https:\/\/noyalsurbrutz.fr\/wp-content\/uploads\/2017\/08\/DSC_0792-150x101.jpg 150w\" sizes=\"auto, (max-width: 300px) 100vw, 300px\" \/><span style=\"color: #c93636;\">\u00c9COLE CHARLES PERRAULT<\/span><\/h1>\n<p><img loading=\"lazy\" decoding=\"async\" class=\"alignnone wp-image-303\" src=\"https:\/\/noyalsurbrutz.fr\/wp-content\/uploads\/2017\/08\/index.jpg\" alt=\"\" width=\"27\" height=\"27\" srcset=\"https:\/\/noyalsurbrutz.fr\/wp-content\/uploads\/2017\/08\/index.jpg 220w, https:\/\/noyalsurbrutz.fr\/wp-content\/uploads\/2017\/08\/index-150x150.jpg 150w\" sizes=\"auto, (max-width: 27px) 100vw, 27px\" \/>5, Rue des Tro\u00e8nes<\/p>\n<p>44110 NOYAL-SUR-BRUTZ<\/p>\n<p><img loading=\"lazy\" decoding=\"async\" class=\"alignnone wp-image-308\" src=\"https:\/\/noyalsurbrutz.fr\/wp-content\/uploads\/2017\/08\/old-red-phone-27649446.jpg\" alt=\"\" width=\"35\" height=\"23\" srcset=\"https:\/\/noyalsurbrutz.fr\/wp-content\/uploads\/2017\/08\/old-red-phone-27649446.jpg 240w, https:\/\/noyalsurbrutz.fr\/wp-content\/uploads\/2017\/08\/old-red-phone-27649446-150x100.jpg 150w\" sizes=\"auto, (max-width: 35px) 100vw, 35px\" \/>02.40.81.05.09<\/p>\n<p>ce.0440733h@ac-nantes.fr<\/p>\n<h2>\u00c9QUIPE ENSEIGNANTE<\/h2>\n<p><span style=\"color: #3366ff;\"><strong>Directrice d&rsquo;\u00e9cole\/Classe GS-CP<\/strong><\/span> : Roxane ZERROUKI<\/p>\n<p><span style=\"color: #3366ff;\"><strong>Maternelle<\/strong> <\/span>: Pauline LEHIS<\/p>\n<p><span style=\"color: #3366ff;\"><strong>CE1-CE2<\/strong> <\/span>: Betty ALUSSE<\/p>\n<p><span style=\"color: #3366ff;\"><strong>CM1-CM2<\/strong> <\/span>: Ana\u00eblle GRAIN<\/p>\n<p>Lucie Bettier (rempla\u00e7ante)<\/p>\n<p><img loading=\"lazy\" decoding=\"async\" class=\"alignnone wp-image-1310 size-large\" src=\"https:\/\/noyalsurbrutz.fr\/wp-content\/uploads\/2017\/08\/\u00e9quipe-20-21-1024x1013.jpg\" alt=\"\" width=\"880\" height=\"871\" srcset=\"https:\/\/noyalsurbrutz.fr\/wp-content\/uploads\/2017\/08\/\u00e9quipe-20-21-1024x1013.jpg 1024w, https:\/\/noyalsurbrutz.fr\/wp-content\/uploads\/2017\/08\/\u00e9quipe-20-21-300x297.jpg 300w, https:\/\/noyalsurbrutz.fr\/wp-content\/uploads\/2017\/08\/\u00e9quipe-20-21-768x760.jpg 768w, https:\/\/noyalsurbrutz.fr\/wp-content\/uploads\/2017\/08\/\u00e9quipe-20-21-354x350.jpg 354w, https:\/\/noyalsurbrutz.fr\/wp-content\/uploads\/2017\/08\/\u00e9quipe-20-21-150x148.jpg 150w\" sizes=\"auto, (max-width: 880px) 100vw, 880px\" \/><\/p>\n<h2><span style=\"color: #993366;\">ATSEM<\/span> : Paula GAGNEUX &#8211; PHOTO EN COURS MODIFICATION<\/h2>\n<p><img loading=\"lazy\" decoding=\"async\" class=\"size-medium wp-image-409 alignleft\" src=\"https:\/\/noyalsurbrutz.fr\/wp-content\/uploads\/2017\/08\/DSC_0776-300x278.jpg\" alt=\"\" width=\"300\" height=\"278\" srcset=\"https:\/\/noyalsurbrutz.fr\/wp-content\/uploads\/2017\/08\/DSC_0776-300x278.jpg 300w, https:\/\/noyalsurbrutz.fr\/wp-content\/uploads\/2017\/08\/DSC_0776-768x711.jpg 768w, https:\/\/noyalsurbrutz.fr\/wp-content\/uploads\/2017\/08\/DSC_0776-1024x948.jpg 1024w, https:\/\/noyalsurbrutz.fr\/wp-content\/uploads\/2017\/08\/DSC_0776-378x350.jpg 378w, https:\/\/noyalsurbrutz.fr\/wp-content\/uploads\/2017\/08\/DSC_0776-150x139.jpg 150w\" sizes=\"auto, (max-width: 300px) 100vw, 300px\" \/>EFFECTIFS PAR CLASSE :<\/p>\n<p>Effectif Total de l&rsquo;\u00e9cole : 81 \u00e9l\u00e8ves<\/p>\n<p><span style=\"color: #3366ff;\">TPS : 3, PS : 6<\/span>, <span style=\"color: #ff6600;\">MS : 12<\/span><\/p>\n<p><span style=\"color: #339966;\">GS : 9<\/span>, <span style=\"color: #ff0000;\">CP : 7<br \/>\n<\/span><\/p>\n<p><span style=\"color: #ff00ff;\">CE1 : 11<\/span>, <span style=\"color: #ffcc00;\">CE2 : 11<br \/>\n<\/span><\/p>\n<p><span style=\"color: #cc99ff;\">CM1 : 9<\/span>, <span style=\"color: #800080;\">CM2 : 13<br \/>\n<\/span><\/p>\n<h2>\u00a0<img loading=\"lazy\" decoding=\"async\" class=\"wp-image-790 aligncenter\" src=\"https:\/\/noyalsurbrutz.fr\/wp-content\/uploads\/2017\/08\/Image14-1024x683.png\" alt=\"\" width=\"479\" height=\"319\" srcset=\"https:\/\/noyalsurbrutz.fr\/wp-content\/uploads\/2017\/08\/Image14-1024x683.png 1024w, https:\/\/noyalsurbrutz.fr\/wp-content\/uploads\/2017\/08\/Image14-300x200.png 300w, https:\/\/noyalsurbrutz.fr\/wp-content\/uploads\/2017\/08\/Image14-768x512.png 768w, https:\/\/noyalsurbrutz.fr\/wp-content\/uploads\/2017\/08\/Image14-525x350.png 525w, https:\/\/noyalsurbrutz.fr\/wp-content\/uploads\/2017\/08\/Image14-150x100.png 150w, https:\/\/noyalsurbrutz.fr\/wp-content\/uploads\/2017\/08\/Image14.png 1076w\" sizes=\"auto, (max-width: 479px) 100vw, 479px\" \/><\/h2>\n<h2><\/h2>\n<h2><span style=\"color: #993366;\">\u00a0<\/span><\/h2>\n","protected":false},"excerpt":{"rendered":"<p>\u00c9COLE CHARLES PERRAULT 5, Rue des Tro\u00e8nes 44110 NOYAL-SUR-BRUTZ 02.40.81.05.09 ce.0440733h@ac-nantes.fr \u00c9QUIPE ENSEIGNANTE Directrice d&rsquo;\u00e9cole\/Classe GS-CP : Roxane ZERROUKI Maternelle : Pauline LEHIS CE1-CE2 : Betty ALUSSE CM1-CM2 : Ana\u00eblle GRAIN Lucie Bettier (rempla\u00e7ante) ATSEM : Paula GAGNEUX &#8211; PHOTO EN COURS MODIFICATION EFFECTIFS PAR CLASSE : Effectif Total de\u2026 <a class=\"continue-reading-link\" href=\"https:\/\/noyalsurbrutz.fr\/index.php\/ecole\/\">Continue reading<\/a><\/p>\n","protected":false},"author":1,"featured_media":0,"parent":0,"menu_order":0,"comment_status":"closed","ping_status":"closed","template":"","meta":{"footnotes":""},"class_list":["post-104","page","type-page","status-publish","hentry"],"_links":{"self":[{"href":"https:\/\/noyalsurbrutz.fr\/index.php\/wp-json\/wp\/v2\/pages\/104","targetHints":{"allow":["GET"]}}],"collection":[{"href":"https:\/\/noyalsurbrutz.fr\/index.php\/wp-json\/wp\/v2\/pages"}],"about":[{"href":"https:\/\/noyalsurbrutz.fr\/index.php\/wp-json\/wp\/v2\/types\/page"}],"author":[{"embeddable":true,"href":"https:\/\/noyalsurbrutz.fr\/index.php\/wp-json\/wp\/v2\/users\/1"}],"replies":[{"embeddable":true,"href":"https:\/\/noyalsurbrutz.fr\/index.php\/wp-json\/wp\/v2\/comments?post=104"}],"version-history":[{"count":26,"href":"https:\/\/noyalsurbrutz.fr\/index.php\/wp-json\/wp\/v2\/pages\/104\/revisions"}],"predecessor-version":[{"id":1567,"href":"https:\/\/noyalsurbrutz.fr\/index.php\/wp-json\/wp\/v2\/pages\/104\/revisions\/1567"}],"wp:attachment":[{"href":"https:\/\/noyalsurbrutz.fr\/index.php\/wp-json\/wp\/v2\/media?parent=104"}],"curies":[{"name":"wp","href":"https:\/\/api.w.org\/{rel}","templated":true}]}}