{"id":154,"date":"2017-08-02T10:17:47","date_gmt":"2017-08-02T08:17:47","guid":{"rendered":"http:\/\/noyalsurbrutz.fr\/?page_id=154"},"modified":"2020-08-11T09:00:01","modified_gmt":"2020-08-11T07:00:01","slug":"inscriptions","status":"publish","type":"page","link":"https:\/\/noyalsurbrutz.fr\/index.php\/inscriptions\/","title":{"rendered":"Inscriptions Scolaires et P\u00e9riscolaires"},"content":{"rendered":"<h1><img loading=\"lazy\" decoding=\"async\" class=\"size-medium wp-image-282 alignleft\" src=\"https:\/\/noyalsurbrutz.fr\/wp-content\/uploads\/2017\/08\/ob_e9a810_l-ecole-est-finie-zpsd35bf9f6-300x209.jpg\" alt=\"\" width=\"300\" height=\"209\" srcset=\"https:\/\/noyalsurbrutz.fr\/wp-content\/uploads\/2017\/08\/ob_e9a810_l-ecole-est-finie-zpsd35bf9f6-300x209.jpg 300w, https:\/\/noyalsurbrutz.fr\/wp-content\/uploads\/2017\/08\/ob_e9a810_l-ecole-est-finie-zpsd35bf9f6-150x105.jpg 150w, https:\/\/noyalsurbrutz.fr\/wp-content\/uploads\/2017\/08\/ob_e9a810_l-ecole-est-finie-zpsd35bf9f6.jpg 400w\" sizes=\"auto, (max-width: 300px) 100vw, 300px\" \/><\/h1>\n<p>L&rsquo;organisation du temps scolaire se fait sur 4 jours.<\/p>\n<p>L&rsquo;inscription de l&rsquo;enfant \u00e0 l&rsquo;\u00e9cole se fait sur rendez vous avec la Directrice d&rsquo;\u00e9cole. Au pr\u00e9alable, il faut venir retirer \u00e0 la mairie une attestation de domicile.<\/p>\n<p>Afin de d&rsquo;inscrire votre (vos) enfant(s) \u00e0 la cantine, et (ou) \u00e0 la garderie p\u00e9riscolaire, il faut remplir un dossier d&rsquo;inscription \u00e0 la mairie ou s&rsquo;inscrire directement sur le portail famille <a href=\"https:\/\/portail.berger-levrault.fr\/MairieNoyalSurBrutz44110\/accueil\">https:\/\/portail.berger-levrault.fr\/MairieNoyalSurBrutz44110\/accueil<\/a><\/p>\n<p>Possibilit\u00e9 de t\u00e9l\u00e9charger le dossier en cliquant sur le lien ci-dessous<strong> et le d\u00e9poser en mairie tr\u00e8s rapidement.<br \/>\n<\/strong><\/p>\n<p>Il est toujours possible de d\u00e9poser un dossier en cours d&rsquo;ann\u00e9e.<\/p>\n<h2><a href=\"https:\/\/noyalsurbrutz.fr\/wp-content\/uploads\/2017\/08\/Fiche_enfant.pdf\">Dossier d&rsquo;inscription<\/a><\/h2>\n<p>Les pointages de pr\u00e9sences se feront sur tablettes informatiques. Une nouvelle formule qui implique le respect du d\u00e9lai de r\u00e9servation, comme stipul\u00e9 dans les r\u00e8glements int\u00e9rieurs.<\/p>\n<p>&nbsp;<\/p>\n<p>&nbsp;<\/p>\n<p>&nbsp;<\/p>\n<p>&nbsp;<\/p>\n<p>&nbsp;<\/p>\n<p>&nbsp;<\/p>\n<p>&nbsp;<\/p>\n","protected":false},"excerpt":{"rendered":"<p>L&rsquo;organisation du temps scolaire se fait sur 4 jours. L&rsquo;inscription de l&rsquo;enfant \u00e0 l&rsquo;\u00e9cole se fait sur rendez vous avec la Directrice d&rsquo;\u00e9cole. Au pr\u00e9alable, il faut venir retirer \u00e0 la mairie une attestation de domicile. Afin de d&rsquo;inscrire votre (vos) enfant(s) \u00e0 la cantine, et (ou) \u00e0 la garderie\u2026 <a class=\"continue-reading-link\" href=\"https:\/\/noyalsurbrutz.fr\/index.php\/inscriptions\/\">Continue reading<\/a><\/p>\n","protected":false},"author":1,"featured_media":0,"parent":0,"menu_order":0,"comment_status":"closed","ping_status":"closed","template":"","meta":{"footnotes":""},"class_list":["post-154","page","type-page","status-publish","hentry"],"_links":{"self":[{"href":"https:\/\/noyalsurbrutz.fr\/index.php\/wp-json\/wp\/v2\/pages\/154","targetHints":{"allow":["GET"]}}],"collection":[{"href":"https:\/\/noyalsurbrutz.fr\/index.php\/wp-json\/wp\/v2\/pages"}],"about":[{"href":"https:\/\/noyalsurbrutz.fr\/index.php\/wp-json\/wp\/v2\/types\/page"}],"author":[{"embeddable":true,"href":"https:\/\/noyalsurbrutz.fr\/index.php\/wp-json\/wp\/v2\/users\/1"}],"replies":[{"embeddable":true,"href":"https:\/\/noyalsurbrutz.fr\/index.php\/wp-json\/wp\/v2\/comments?post=154"}],"version-history":[{"count":12,"href":"https:\/\/noyalsurbrutz.fr\/index.php\/wp-json\/wp\/v2\/pages\/154\/revisions"}],"predecessor-version":[{"id":1244,"href":"https:\/\/noyalsurbrutz.fr\/index.php\/wp-json\/wp\/v2\/pages\/154\/revisions\/1244"}],"wp:attachment":[{"href":"https:\/\/noyalsurbrutz.fr\/index.php\/wp-json\/wp\/v2\/media?parent=154"}],"curies":[{"name":"wp","href":"https:\/\/api.w.org\/{rel}","templated":true}]}}