{"id":168,"date":"2017-08-02T10:24:50","date_gmt":"2017-08-02T08:24:50","guid":{"rendered":"http:\/\/noyalsurbrutz.fr\/?page_id=168"},"modified":"2020-06-10T12:06:52","modified_gmt":"2020-06-10T10:06:52","slug":"commissions-communales","status":"publish","type":"page","link":"https:\/\/noyalsurbrutz.fr\/index.php\/commissions-communales\/","title":{"rendered":"Commissions Communales"},"content":{"rendered":"<p><img loading=\"lazy\" decoding=\"async\" class=\"size-medium wp-image-1136 alignleft\" src=\"https:\/\/noyalsurbrutz.fr\/wp-content\/uploads\/2017\/08\/IMG_1989-300x225.jpg\" alt=\"\" width=\"300\" height=\"225\" srcset=\"https:\/\/noyalsurbrutz.fr\/wp-content\/uploads\/2017\/08\/IMG_1989-300x225.jpg 300w, https:\/\/noyalsurbrutz.fr\/wp-content\/uploads\/2017\/08\/IMG_1989-768x576.jpg 768w, https:\/\/noyalsurbrutz.fr\/wp-content\/uploads\/2017\/08\/IMG_1989-1024x768.jpg 1024w, https:\/\/noyalsurbrutz.fr\/wp-content\/uploads\/2017\/08\/IMG_1989-467x350.jpg 467w, https:\/\/noyalsurbrutz.fr\/wp-content\/uploads\/2017\/08\/IMG_1989-150x113.jpg 150w\" sizes=\"auto, (max-width: 300px) 100vw, 300px\" \/><\/p>\n<h2 style=\"text-align: center;\">Mme le Maire Edith MARGUIN assist\u00e9e de 3 Adjoints<\/h2>\n<p><span style=\"color: #008000;\"><strong>Monsieur Jean-No\u00ebl CHOBLET<\/strong><\/span> : charg\u00e9 de la voirie communale, des chemins ruraux, de l&rsquo;environnement, urbanisme et r\u00e9seaux<\/p>\n<p><span style=\"color: #008000;\"><strong>Mme Catherine VIVIEN-MORIN<\/strong><\/span> : en charge de l&rsquo;\u00e9ducation, de la jeunesse, affaires sociales et solidarit\u00e9s<\/p>\n<p><span style=\"color: #008000;\"><strong>Monsieur Jean-Yves GARNIER :<\/strong><\/span> en charge des b\u00e2timents communaux, de l&rsquo;\u00e9nergie, de l&rsquo;accessibilit\u00e9, de la communication, animations et sport<\/p>\n<p>&nbsp;<\/p>\n<p>Au vue des ces domaines de comp\u00e9tences, le conseil municipal dans sa s\u00e9ance du 08 juin 2020 a d\u00e9cid\u00e9 de cr\u00e9er 7 commissions municipales permanentes :<\/p>\n<h3 class=\"BODY\" style=\"text-align: justify; text-justify: inter-ideograph;\"><span style=\"color: #99cc00;\">1 &#8211; Commission de l\u2019\u00e9ducation, de la culture, de la jeunesse :<\/span><\/h3>\n<p class=\"BODY\" style=\"text-align: justify; text-justify: inter-ideograph;\">&#8211; <b>Christine VIVIEN-MORIN<\/b><\/p>\n<p class=\"BODY\" style=\"text-align: justify; text-justify: inter-ideograph;\">&#8211; M\u00e9lanie HALOPEAU<\/p>\n<p class=\"BODY\" style=\"text-align: justify; text-justify: inter-ideograph;\">&#8211; C\u00e9line BRANCHEREAU<\/p>\n<p class=\"BODY\" style=\"text-align: justify; text-justify: inter-ideograph;\">&#8211; William MARECHAL<\/p>\n<h3 class=\"BODY\" style=\"text-align: justify; text-justify: inter-ideograph;\"><span style=\"color: #99cc00;\">2 &#8211; Commission des Affaires Sociales et solidarit\u00e9s :<\/span><\/h3>\n<p class=\"BODY\" style=\"text-align: justify; text-justify: inter-ideograph;\">&#8211; <b>Christine VIVIEN-MORIN<\/b><\/p>\n<p class=\"BODY\" style=\"text-align: justify; text-justify: inter-ideograph;\">&#8211; C\u00e9line BRANCHEREAU<\/p>\n<p class=\"BODY\" style=\"text-align: justify; text-justify: inter-ideograph;\">&#8211; Gis\u00e8le SAULNIER<\/p>\n<p class=\"BODY\" style=\"text-align: justify; text-justify: inter-ideograph;\">&#8211; Sonia LE LUDEC<\/p>\n<p class=\"BODY\" style=\"text-align: justify; text-justify: inter-ideograph;\">&#8211; M\u00e9lanie HALOPEAU<\/p>\n<h3 class=\"BODY\" style=\"text-align: justify; text-justify: inter-ideograph;\"><span style=\"color: #99cc00;\">3 &#8211; Commission Urbanisme et Environnement :<\/span><\/h3>\n<p class=\"BODY\" style=\"text-align: justify; text-justify: inter-ideograph;\">&#8211; <b>Jean-No\u00ebl CHOBLET<\/b><\/p>\n<p class=\"BODY\" style=\"text-align: justify; text-justify: inter-ideograph;\">&#8211; Andr\u00e9-Marie EVENO<\/p>\n<p class=\"BODY\" style=\"text-align: justify; text-justify: inter-ideograph;\">&#8211; William MARECHAL<\/p>\n<p class=\"BODY\" style=\"text-align: justify; text-justify: inter-ideograph;\">&#8211; Kevin LOR\u00c9E<\/p>\n<p class=\"BODY\" style=\"text-align: justify; text-justify: inter-ideograph;\">&#8211; St\u00e9phane MALARY<\/p>\n<h3 class=\"BODY\" style=\"text-align: justify; text-justify: inter-ideograph;\"><span style=\"color: #99cc00;\">4 &#8211; Commission B\u00e2timents, accessibilit\u00e9 et \u00e9nergie :<\/span><\/h3>\n<p class=\"BODY\" style=\"text-align: justify; text-justify: inter-ideograph;\">&#8211; <b>Jean-Yves GARNIER<\/b><\/p>\n<p class=\"BODY\" style=\"text-align: justify; text-justify: inter-ideograph;\">&#8211; Romain LUCIEN<\/p>\n<p class=\"BODY\" style=\"text-align: justify; text-justify: inter-ideograph;\">&#8211; St\u00e9phane MALARY<\/p>\n<p class=\"BODY\" style=\"text-align: justify; text-justify: inter-ideograph;\">&#8211; Cyril MEAUDE<\/p>\n<p class=\"BODY\" style=\"text-align: justify; text-justify: inter-ideograph;\">&#8211; Gis\u00e8le SAULNIER<\/p>\n<h3 class=\"BODY\" style=\"text-align: justify; text-justify: inter-ideograph;\"><span style=\"color: #99cc00;\">5 &#8211; Commission Voirie et R\u00e9seaux :<\/span><\/h3>\n<p class=\"BODY\" style=\"text-align: justify; text-justify: inter-ideograph;\">&#8211; <b>Jean-No\u00ebl CHOBLET<\/b><\/p>\n<p class=\"BODY\" style=\"text-align: justify; text-justify: inter-ideograph;\">&#8211; Gis\u00e8le SAULNIER<\/p>\n<p class=\"BODY\" style=\"text-align: justify; text-justify: inter-ideograph;\">&#8211; St\u00e9phane MALARY<\/p>\n<p class=\"BODY\" style=\"text-align: justify; text-justify: inter-ideograph;\">&#8211; Cyril MEAUDE<\/p>\n<p class=\"BODY\" style=\"text-align: justify; text-justify: inter-ideograph;\">&#8211; K\u00e9vin LOR\u00c9E<\/p>\n<h3 class=\"BODY\" style=\"text-align: justify; text-justify: inter-ideograph;\"><span style=\"color: #99cc00;\">6 &#8211; Commission Finances et Administration G\u00e9n\u00e9rale<\/span><\/h3>\n<p class=\"BODY\" style=\"text-align: justify; text-justify: inter-ideograph;\">&#8211; <b>Jean-No\u00ebl CHOBLET<\/b><\/p>\n<p class=\"BODY\" style=\"text-align: justify; text-justify: inter-ideograph;\">&#8211; Christine VIVIEN-MORIN<\/p>\n<p class=\"BODY\" style=\"text-align: justify; text-justify: inter-ideograph;\">&#8211; Jean-Yves GARNIER<\/p>\n<p class=\"BODY\" style=\"text-align: justify; text-justify: inter-ideograph;\">&#8211; Cyril MEAUDE<\/p>\n<p class=\"BODY\" style=\"text-align: justify; text-justify: inter-ideograph;\">&#8211; C\u00e9line BRANCHEREAU<\/p>\n<h3 class=\"BODY\" style=\"text-align: justify; text-justify: inter-ideograph;\"><span style=\"color: #99cc00;\">7 &#8211; Commission Communication, Animations et Sport<\/span><\/h3>\n<p class=\"BODY\" style=\"text-align: justify; text-justify: inter-ideograph;\">&#8211; <b>Jean-Yves GARNIER<\/b><\/p>\n<p class=\"BODY\" style=\"text-align: justify; text-justify: inter-ideograph;\">&#8211; Gis\u00e8le SAULNIER<\/p>\n<p class=\"BODY\" style=\"text-align: justify; text-justify: inter-ideograph;\">&#8211; M\u00e9lanie HALOPEAU<\/p>\n<p class=\"BODY\" style=\"text-align: justify; text-justify: inter-ideograph;\">&#8211; Rodolphe LECOEUR<\/p>\n<p class=\"BODY\" style=\"text-align: justify; text-justify: inter-ideograph;\">&#8211; Andr\u00e9-Marie EVENO<\/p>\n<p>&nbsp;<\/p>\n","protected":false},"excerpt":{"rendered":"<p>Mme le Maire Edith MARGUIN assist\u00e9e de 3 Adjoints Monsieur Jean-No\u00ebl CHOBLET : charg\u00e9 de la voirie communale, des chemins ruraux, de l&rsquo;environnement, urbanisme et r\u00e9seaux Mme Catherine VIVIEN-MORIN : en charge de l&rsquo;\u00e9ducation, de la jeunesse, affaires sociales et solidarit\u00e9s Monsieur Jean-Yves GARNIER : en charge des b\u00e2timents communaux,\u2026 <a class=\"continue-reading-link\" href=\"https:\/\/noyalsurbrutz.fr\/index.php\/commissions-communales\/\">Continue reading<\/a><\/p>\n","protected":false},"author":1,"featured_media":0,"parent":0,"menu_order":0,"comment_status":"closed","ping_status":"closed","template":"","meta":{"footnotes":""},"class_list":["post-168","page","type-page","status-publish","hentry"],"_links":{"self":[{"href":"https:\/\/noyalsurbrutz.fr\/index.php\/wp-json\/wp\/v2\/pages\/168","targetHints":{"allow":["GET"]}}],"collection":[{"href":"https:\/\/noyalsurbrutz.fr\/index.php\/wp-json\/wp\/v2\/pages"}],"about":[{"href":"https:\/\/noyalsurbrutz.fr\/index.php\/wp-json\/wp\/v2\/types\/page"}],"author":[{"embeddable":true,"href":"https:\/\/noyalsurbrutz.fr\/index.php\/wp-json\/wp\/v2\/users\/1"}],"replies":[{"embeddable":true,"href":"https:\/\/noyalsurbrutz.fr\/index.php\/wp-json\/wp\/v2\/comments?post=168"}],"version-history":[{"count":8,"href":"https:\/\/noyalsurbrutz.fr\/index.php\/wp-json\/wp\/v2\/pages\/168\/revisions"}],"predecessor-version":[{"id":1140,"href":"https:\/\/noyalsurbrutz.fr\/index.php\/wp-json\/wp\/v2\/pages\/168\/revisions\/1140"}],"wp:attachment":[{"href":"https:\/\/noyalsurbrutz.fr\/index.php\/wp-json\/wp\/v2\/media?parent=168"}],"curies":[{"name":"wp","href":"https:\/\/api.w.org\/{rel}","templated":true}]}}