{"id":383,"date":"2017-09-05T16:36:54","date_gmt":"2017-09-05T14:36:54","guid":{"rendered":"http:\/\/noyalsurbrutz.fr\/?page_id=383"},"modified":"2017-09-05T16:49:37","modified_gmt":"2017-09-05T14:49:37","slug":"recensement-militaire","status":"publish","type":"page","link":"https:\/\/noyalsurbrutz.fr\/index.php\/recensement-militaire\/","title":{"rendered":"Recensement Militaire"},"content":{"rendered":"<h3><\/h3>\n<h3>Qui est concern\u00e9 ?<\/h3>\n<p>Tout jeune fran\u00e7ais qui a 16 ans<img loading=\"lazy\" decoding=\"async\" class=\"size-medium wp-image-388 alignright\" src=\"https:\/\/noyalsurbrutz.fr\/wp-content\/uploads\/2017\/09\/DSN34_PanneauV630x200-300x95.png\" alt=\"\" width=\"300\" height=\"95\" srcset=\"https:\/\/noyalsurbrutz.fr\/wp-content\/uploads\/2017\/09\/DSN34_PanneauV630x200-300x95.png 300w, https:\/\/noyalsurbrutz.fr\/wp-content\/uploads\/2017\/09\/DSN34_PanneauV630x200-768x244.png 768w, https:\/\/noyalsurbrutz.fr\/wp-content\/uploads\/2017\/09\/DSN34_PanneauV630x200-1024x325.png 1024w, https:\/\/noyalsurbrutz.fr\/wp-content\/uploads\/2017\/09\/DSN34_PanneauV630x200-900x286.png 900w, https:\/\/noyalsurbrutz.fr\/wp-content\/uploads\/2017\/09\/DSN34_PanneauV630x200-150x48.png 150w, https:\/\/noyalsurbrutz.fr\/wp-content\/uploads\/2017\/09\/DSN34_PanneauV630x200.png 1787w\" sizes=\"auto, (max-width: 300px) 100vw, 300px\" \/><\/p>\n<p>Le jeune doit faire la d\u00e9marche lui m\u00eame. S&rsquo;il est mineur, il peut se faire repr\u00e9senter par l&rsquo;un de ses parents.<\/p>\n<h3>Il doit se rendre \u00e0 sa mairie avec les documents suivants :<\/h3>\n<ul>\n<li>Pi\u00e8ce d&rsquo;identit\u00e9 justifiant de la nationalit\u00e9 fran\u00e7aise<\/li>\n<li>Livret de famille<\/li>\n<\/ul>\n<p>A la suite du recensement, la mairie d\u00e9livre une attestation de recensement, n\u00e9cessaire pour l&rsquo;inscription aux examens ou concours et au permis de conduite notamment.<\/p>\n<p><img loading=\"lazy\" decoding=\"async\" class=\"alignnone wp-image-389 size-full\" src=\"https:\/\/noyalsurbrutz.fr\/wp-content\/uploads\/2017\/09\/TractsDSN_fille-avec-texte_2015.png\" alt=\"\" width=\"722\" height=\"1024\" srcset=\"https:\/\/noyalsurbrutz.fr\/wp-content\/uploads\/2017\/09\/TractsDSN_fille-avec-texte_2015.png 722w, https:\/\/noyalsurbrutz.fr\/wp-content\/uploads\/2017\/09\/TractsDSN_fille-avec-texte_2015-212x300.png 212w, https:\/\/noyalsurbrutz.fr\/wp-content\/uploads\/2017\/09\/TractsDSN_fille-avec-texte_2015-247x350.png 247w, https:\/\/noyalsurbrutz.fr\/wp-content\/uploads\/2017\/09\/TractsDSN_fille-avec-texte_2015-106x150.png 106w\" sizes=\"auto, (max-width: 722px) 100vw, 722px\" \/><\/p>\n<p>&nbsp;<\/p>\n","protected":false},"excerpt":{"rendered":"<p>Qui est concern\u00e9 ? Tout jeune fran\u00e7ais qui a 16 ans Le jeune doit faire la d\u00e9marche lui m\u00eame. S&rsquo;il est mineur, il peut se faire repr\u00e9senter par l&rsquo;un de ses parents. Il doit se rendre \u00e0 sa mairie avec les documents suivants : Pi\u00e8ce d&rsquo;identit\u00e9 justifiant de la nationalit\u00e9\u2026 <a class=\"continue-reading-link\" href=\"https:\/\/noyalsurbrutz.fr\/index.php\/recensement-militaire\/\">Continue reading<\/a><\/p>\n","protected":false},"author":1,"featured_media":0,"parent":0,"menu_order":0,"comment_status":"closed","ping_status":"closed","template":"","meta":{"footnotes":""},"class_list":["post-383","page","type-page","status-publish","hentry"],"_links":{"self":[{"href":"https:\/\/noyalsurbrutz.fr\/index.php\/wp-json\/wp\/v2\/pages\/383","targetHints":{"allow":["GET"]}}],"collection":[{"href":"https:\/\/noyalsurbrutz.fr\/index.php\/wp-json\/wp\/v2\/pages"}],"about":[{"href":"https:\/\/noyalsurbrutz.fr\/index.php\/wp-json\/wp\/v2\/types\/page"}],"author":[{"embeddable":true,"href":"https:\/\/noyalsurbrutz.fr\/index.php\/wp-json\/wp\/v2\/users\/1"}],"replies":[{"embeddable":true,"href":"https:\/\/noyalsurbrutz.fr\/index.php\/wp-json\/wp\/v2\/comments?post=383"}],"version-history":[{"count":8,"href":"https:\/\/noyalsurbrutz.fr\/index.php\/wp-json\/wp\/v2\/pages\/383\/revisions"}],"predecessor-version":[{"id":396,"href":"https:\/\/noyalsurbrutz.fr\/index.php\/wp-json\/wp\/v2\/pages\/383\/revisions\/396"}],"wp:attachment":[{"href":"https:\/\/noyalsurbrutz.fr\/index.php\/wp-json\/wp\/v2\/media?parent=383"}],"curies":[{"name":"wp","href":"https:\/\/api.w.org\/{rel}","templated":true}]}}